6 - 1b?
-5
In base 16, what is 4 + b5?
b9
In base 13, what is -31 + 14?
-1a
In base 16, what is 1b - 17?
4
In base 8, what is 2134 - 4?
2130
In base 9, what is 35 + 43?
78
In base 2, what is 1000 + -1000000?
-111000
In base 14, what is -6d + 7?
-66
In base 11, what is -9a - 2?
-a1
In base 16, what is -3 - 3d0?
-3d3
In base 4, what is 11012 - -1?
11013
In base 15, what is 29 + -3?
26
In base 12, what is -50 + 5?
-47
In base 13, what is -425 - 4?
-429
In base 7, what is 3 + 1566?
1602
In base 4, what is 32101 - 11?
32030
In base 12, what is a + 55?
63
In base 3, what is 10 + 201000?
201010
In base 3, what is -111212 + -10?
-111222
In base 13, what is 4 - 40c?
-408
In base 13, what is -133 - 2?
-135
In base 14, what is 0 - -60?
60
In base 10, what is -5 + 2980?
2975
In base 13, what is 5301 - 0?
5301
In base 2, what is 1010 + 11111?
101001
In base 2, what is 11 + -1000111?
-1000100
In base 16, what is 9 - 8?
1
In base 13, what is -168 - 4?
-16c
In base 10, what is 658 + 1?
659
In base 14, what is 3 + 86?
89
In base 7, what is 14 - -4?
21
In base 15, what is 3 + 569?
56c
In base 10, what is -2 + -4359?
-4361
In base 4, what is 11 + -3332?
-3321
In base 16, what is -6 + 88?
82
In base 11, what is -1 + -237?
-238
In base 10, what is -644 + 9?
-635
In base 2, what is -101001 + -101111?
-1011000
In base 16, what is 3 + -368?
-365
In base 12, what is -28b6 + -2?
-28b8
In base 11, what is 3 + -18a?
-187
In base 4, what is 2130 + -103?
2021
In base 7, what is -131 - -4?
-124
In base 10, what is 8 - 21?
-13
In base 3, what is 2000 + 10?
2010
In base 12, what is a4 + -3?
a1
In base 2, what is -11 - 110000?
-110011
In base 7, what is -2 + 2504?
2502
In base 4, what is -32 + 102213?
102121
In base 3, what is 0 - -21102?
21102
In base 8, what is 555 - -11?
566
In base 13, what is -9747 + -5?
-974c
In base 8, what is -567 + 2?
-565
In base 13, what is -3 - 307?
-30a
In base 7, what is -13 + 162?
146
In base 13, what is -113 + a?
-106
In base 6, what is 1 - 235?
-234
In base 11, what is 1736 - 3?
1733
In base 13, what is 2c3 + 6?
2c9
In base 12, what is 2273 + 3?
2276
In base 8, what is -13 + 323?
310
In base 9, what is -1450 + 2?
-1447
In base 3, what is 11 - 112122?
-112111
In base 14, what is -d + 7?
-6
In base 11, what is -18 - -367?
34a
In base 15, what is 0 + -19?
-19
In base 12, what is 955 + -3?
952
In base 5, what is -2232 - -1?
-2231
In base 13, what is 259 - 6?
253
In base 14, what is -4425 + 0?
-4425
In base 9, what is -141 + 38?
-102
In base 12, what is 132bb + 1?
13300
In base 2, what is 1 - 1001111?
-1001110
In base 14, what is 386 + -2?
384
In base 6, what is -25145 - -3?
-25142
In base 14, what is -17 - a?
-23
In base 14, what is 4 - -79?
7d
In base 14, what is -43a4 - -2?
-43a2
In base 8, what is -2075 - 5?
-2102
In base 9, what is 5 - 2727?
-2722
In base 13, what is 9 + 1a?
26
In base 13, what is 4a - 6?
44
In base 13, what is 1b5 - 37?
17b
In base 2, what is -11010101 - -1110?
-11000111
In base 3, what is -12112220 + -11?
-12120001
In base 12, what is -21 + 1?
-20
In base 10, what is 3 - 59?
-56
In base 6, what is -21 - -2033?
2012
In base 12, what is 22 + -8?
16
In base 4, what is -11 + 13001?
12330
In base 15, what is 833 + 3?
836
In base 15, what is -1 - -8c?
8b
In base 4, what is -2 - -1200?
1132
In base 15, what is -20 + -3e?
-5e
In base 13, what is -2b + 5?
-26
In base 6, what is 1 - -5532?
5533
In base 14, what is 34 + 0?
34
In base 9, what is 152 + 3?
155
In base 8, what is 741 + 26?
767
In base 4, what is 10 - 22301?
-22231
In base 8, what is 15 - -372?
407
In base 9, what is 5 - -225?
231
In base 14, what is -81 - 2d?
-b0
In base 4, what is 321 - -122?
1103
In base 8, what is -2 - -156?
154
In base 12, what is -1 - -71?
70
In base 16, what is -26f - 3?
-272
In base 14, what is 38c - -3?
391
In base 15, what is 60 + d?
6d
In base 6, what is 1 - 1253?
-1252
In base 3, what is -12 - 10221?
-11010
In base 3, what is -10011110 - -2?
-10011101
In base 6, what is -1131 - -4?
-1123
In base 13, what is 17 + 10b?
125
In base 8, what is 330 + -3?
325
In base 11, what is -28 + 139?
111
In base 2, what is 1 + -110100111?
-110100110
In base 7, what is -25 + 1232?
1204
In base 8, what is -451 + -5?
-456
In base 5, what is -12 - 1?
-13
In base 15, what is 4 + -11?
-c
In base 11, what is -132 + 2?
-130
In base 13, what is 18 + -3?
15
In base 12, what is -30 - 1b?
-4b
In base 4, what is -23 + 1300?
1211
In base 7, what is -233 - -102?
-131
In base 5, what is -10 + 111003?
110443
In base 13, what is -3 - -230?
22a
In base 16, what is 2 - -5b?
5d
In base 12, what is -6 + 4?
-2
In base 6, what is -4 - -25?
21
In base 16, what is -2 + e5?
e3
In base 3, what is 2001 - -12220?
21221
In base 2, what is 100 - 100010100011?
-100010011111
In base 6, what is 0 - 10414?
-10414
In base 15, what is 5 - -451?
456
In base 6, what is 1 + -30043?
-30042
In base 14, what is -1 - 44b?
-44c
In base 8, what is 4 - -13?
17
In base 11, what is 212 + 3?
215
In base 6, what is 22045 - 11?
22034
In base 6, what is 1 - 431?
-430
In base 5, what is -343 + 2?
-341
In base 11, what is -1 - 2982?
-2983
In base 14, what is -4 + -35?
-39
In base 8, what is 67 + -121?
-32
In base 4, what is -30 + 112?
22
In base 4, what is -1113 - -130?
-323
In base 8, what is -11 + 71?
60
In base 12, what is 2a + 6?
34
In base 4, what is -11 - 2330?
-3001
In base 5, what is 3 + 22412?
22420
In base 11, what is -8 + 652?
645
In base 2, what is 10101000 + 11?
10101011
In base 2, what is -101011101100 + -10?
-101011101110
In base 16, what is -4 - 4?
-8
In base 10, what is -50 + 4?
-46
In base 4, what is 2 - 200?
-132
In base 8, what is 322 + 46?
370
In base 9, what is -1 - -2005?
2004
In base 16, what is 45 - 1?
44
In base 10, what is 2097 + -1?
2096
In base 2, what is -11011011 + 100?
-11010111
In base 14, what is 59 - 5?
54
In base 6, what is -3202 - 2?
-3204
In base 9, what is 0 - -84?
84
In base 12, what is -82 + -2?
-84
In base 4, what is -111 + -311?
-1022
In base 2, what is -1 - 10010?
-10011
In base 4, what is 12010 - -1?
12011
In base 10, what is -4 - 111?
-115
In base 4, what is 203 + 13?
222
In base 13, what is 4 - a17?
-a13
In base 7, what is -43 - -2?
-41
In base 5, what is 43 - -4?
102
In base 4, what is -2303 - -22?
-2221
In base 16, what is -a3 - 2?
-a5
In base 16, what is 4 - 1c?
-18
In base 16, what is -3a - -f1?
b7
In base 8, what is -265 + -4?
-271
In base 3, what is 1121020 - 12?
1121001
In base 15, what is 3570 - 0?
3570
In base 11, what is 81 + 1?
82
In base 5, what is -1422 - 11?
-1433
In base 12, what is -2 - 60?
-62
In base 2, what is -10 + 1010001000100?
1010001000010
In base 12, what is 0 - 2a1?
-2a1
In base 6, what is -53221 + -4?
-53225
In base 6, what is -204 + 43?
-121
In base 16, what is -19a + 3?
-197
In base 6, what is 0 + -5013?
-5013
In base 14, what is -15 + -58?
-6d
In base 5, what is 200000 - -3?
200003
In base 2, what is -1110011 - 11?
-1110110
In base 16, what is 1aa3 - 3?
1aa0
In base 11, what is -365 + 0?
-365
In base 10, what is -933 - -4?
-929
In base 16, what is -1 + 110?
10f
In base 16, what is -2b - 5?
-30
In base 11, what is -4 - -177?
173
In base 9, what is -4 + -205?
-210
In base 13, what is -b91 + 2?
-b8c
In base 16, what is -1a + 5?
-15
In base 11, what is 28 - -23?
50
In base 14, what is -16 + 671?
659
In base 5, what is -4 - 21121?
-21130
In base 4, what is 102333 - -3?
103002
In base 16, what is -af - e?
-bd
In base 12, what is 17ba + 3?
1801
In base 9, what is -56 - -5?
-51
In base 11, what is -6 - -2983?
2978
In base 15, what is -7 - 1ca?
-1d2
In base 10, what is 3784 - 1?
3783
In base 2, what is -110 - -1101101?
1100111
In base 16, what is 4 - f1?
-ed
In base 10, what is -24 + -4?
-28
In base 7, what is 3 - 5302?
-5266
In base 2, what is 1100110 - -100?
1101010
In base 8, what is -1 - 11?
-12
In base 15, what is 232 - 0?
232
In base 4, what is 2303 - -1?
2310
In base 3, what is -21 + 102?
11
In base 2, what is -10 + -10100011000?
-10100011010
In base 3, what is -22002 + -102?
-22111
In base 6, what is 24 + -5?
15
In base 12, what is 6 - -5?
b
In base 13, what is 11b - -6?
124
In base 14, what is 12 - 231?
-21d
In base 4, what is -1121 - -22?
-1033
In base 8, what is 3 - 1102?
-1077
In base 2, what is -1001010111 + -10?
-1001011001
In base